{"id":1168,"date":"2016-01-27T18:18:41","date_gmt":"2016-01-27T17:18:41","guid":{"rendered":"http:\/\/www.jahn-bergturnfest.de\/?page_id=1168"},"modified":"2018-01-29T10:55:49","modified_gmt":"2018-01-29T09:55:49","slug":"zeitplan","status":"publish","type":"page","link":"https:\/\/www.jahn-bergturnfest.de\/?page_id=1168","title":{"rendered":"Zeitplan 2017"},"content":{"rendered":"<h2 style=\"text-align: center;\"><strong><span style=\"color: #ff0000;\">82. Jahn-Bergturnfest<\/span><\/strong><\/h2>\n<p style=\"text-align: center;\">auf dem Sportplatz der TuSG Rolfshagen, Horstsiek 15, 31749 Rolfshagen<\/p>\n<p style=\"text-align: center;\"><a href=\"http:\/\/www.jahn-bergturnfest.de\/wp-content\/uploads\/2016\/01\/Zelten2016.jpg\"><img loading=\"lazy\" decoding=\"async\" class=\"aligncenter size-medium wp-image-1172\" title=\"Zelten 2016\" src=\"http:\/\/www.jahn-bergturnfest.de\/wp-content\/uploads\/2016\/01\/Zelten2016-300x168.jpg\" alt=\"\" height=\"168\" width=\"300\" srcset=\"https:\/\/www.jahn-bergturnfest.de\/wp-content\/uploads\/2016\/01\/Zelten2016-300x168.jpg 300w, https:\/\/www.jahn-bergturnfest.de\/wp-content\/uploads\/2016\/01\/Zelten2016.jpg 960w\" sizes=\"auto, (max-width: 300px) 100vw, 300px\" \/><\/a>Das Zelten ist in Eigenregie unter Vereinsverantwortung auf dem Sportplatz Rolfshagen vom 25. bis 27. August 2017 m\u00f6glich.<\/p>\n<table>\n<tbody>\n<tr>\n<td colspan=\"2\"><strong>Freitag, den 25 August 2017<\/strong><\/td>\n<\/tr>\n<tr>\n<td>18:00 Uhr<\/td>\n<td>Fu\u00dfballturnier Kleinfeld<\/td>\n<\/tr>\n<tr>\n<td colspan=\"2\"><strong>Samstag, den 26 August 2017<\/strong><\/td>\n<\/tr>\n<tr>\n<td>10:00 Uhr<\/td>\n<td>Beachvolleyballturnier im Freibad Sonnental<\/td>\n<\/tr>\n<tr>\n<td>10:00 bis 12:00 Uhr<\/td>\n<td>Schwimmen f\u00fcr das Deutsche Sportabzeichen, Pr\u00fcfungsabnahme durch die <strong>DLRG Rolfshagen<\/strong> im Freibad Sonnental in Rolfshagen<\/td>\n<\/tr>\n<tr>\n<td>11:00 Uhr<\/td>\n<td>Trampolinturnen in Stadthagen (Sporthalle am Ratsgymnasium)<\/td>\n<\/tr>\n<tr>\n<td>12:45 Uhr<\/td>\n<td>Er\u00f6ffnung des Turnfestes<\/td>\n<\/tr>\n<tr>\n<td>13:00 Uhr<\/td>\n<td>Leichtathletik-Dreikampf (Jugendliche ab 16 Jahre, Erwachsene)<\/td>\n<\/tr>\n<tr>\n<td>13:00 Uhr<\/td>\n<td>Ger\u00e4tturnen-Dreikampf<\/td>\n<\/tr>\n<tr>\n<td>13:30 Uhr<\/td>\n<td>Leichtathletik-Dreikampf (Kinder und Jugendliche bis 15 Jahre)<\/td>\n<\/tr>\n<tr>\n<td>14:15 Uhr<\/td>\n<td>Werfervierkampf<\/td>\n<\/tr>\n<tr>\n<td>15:30 Uhr<\/td>\n<td>Pr\u00e4sentationen der Vereine TuSG und DLRG<\/td>\n<\/tr>\n<tr>\n<td>16:00 Uhr<\/td>\n<td>Siegerehrungen<\/td>\n<\/tr>\n<tr>\n<td>Ab 16:30 Uhr<\/td>\n<td>Gem\u00fctliches Beisammensein, Dankesch\u00f6n f\u00fcr alle Helfer<\/td>\n<\/tr>\n<tr>\n<td colspan=\"2\"><strong> Sonntag, den 27. Juni 2017<\/strong><\/td>\n<\/tr>\n<tr>\n<td>11:00 bis 13:30 Uhr<\/td>\n<td>Jedermann\/-frau Teammehrkampf (5 Teilnehmer, davon mindestens zwei Frauen)<\/td>\n<\/tr>\n<\/tbody>\n<\/table>\n<p style=\"text-align: center;\"><strong><span style=\"color: #ff0000;\">Anmeldungen bis zum 19.08.2017: www.jahn-bergturnfest.de<\/span><\/strong><\/p>\n<p style=\"text-align: center;\"><strong><a href=\"http:\/\/www.jahn-bergturnfest.de\/wp-content\/uploads\/2016\/01\/82.JBTF_Zeitplan.pdf\" target=\"_blank\" rel=\"noopener\">Der Zeitplan zum Ausdrucken<\/a><\/strong><\/p>\n<address style=\"text-align: right;\">Stand 28.10.2016<\/address>\n","protected":false},"excerpt":{"rendered":"<p>82. Jahn-Bergturnfest auf dem Sportplatz der TuSG Rolfshagen, Horstsiek 15, 31749 Rolfshagen Das Zelten ist in Eigenregie unter Vereinsverantwortung auf dem Sportplatz Rolfshagen vom 25. bis 27. August 2017 m\u00f6glich. Freitag, den 25 August 2017 18:00 Uhr Fu\u00dfballturnier Kleinfeld Samstag, den 26 August 2017 10:00 Uhr Beachvolleyballturnier im Freibad Sonnental 10:00 bis 12:00 Uhr Schwimmen [&hellip;]<\/p>\n","protected":false},"author":1,"featured_media":0,"parent":0,"menu_order":0,"comment_status":"closed","ping_status":"open","template":"","meta":{"ngg_post_thumbnail":0,"footnotes":""},"class_list":["post-1168","page","type-page","status-publish","hentry"],"_links":{"self":[{"href":"https:\/\/www.jahn-bergturnfest.de\/index.php?rest_route=\/wp\/v2\/pages\/1168","targetHints":{"allow":["GET"]}}],"collection":[{"href":"https:\/\/www.jahn-bergturnfest.de\/index.php?rest_route=\/wp\/v2\/pages"}],"about":[{"href":"https:\/\/www.jahn-bergturnfest.de\/index.php?rest_route=\/wp\/v2\/types\/page"}],"author":[{"embeddable":true,"href":"https:\/\/www.jahn-bergturnfest.de\/index.php?rest_route=\/wp\/v2\/users\/1"}],"replies":[{"embeddable":true,"href":"https:\/\/www.jahn-bergturnfest.de\/index.php?rest_route=%2Fwp%2Fv2%2Fcomments&post=1168"}],"version-history":[{"count":13,"href":"https:\/\/www.jahn-bergturnfest.de\/index.php?rest_route=\/wp\/v2\/pages\/1168\/revisions"}],"predecessor-version":[{"id":1509,"href":"https:\/\/www.jahn-bergturnfest.de\/index.php?rest_route=\/wp\/v2\/pages\/1168\/revisions\/1509"}],"wp:attachment":[{"href":"https:\/\/www.jahn-bergturnfest.de\/index.php?rest_route=%2Fwp%2Fv2%2Fmedia&parent=1168"}],"curies":[{"name":"wp","href":"https:\/\/api.w.org\/{rel}","templated":true}]}}